{"id":992,"date":"2025-09-26T17:02:20","date_gmt":"2025-09-26T15:02:20","guid":{"rendered":"https:\/\/olaciernioch.com\/?post_type=product&#038;p=992"},"modified":"2026-04-20T12:14:42","modified_gmt":"2026-04-20T10:14:42","slug":"992","status":"publish","type":"product","link":"https:\/\/olaciernioch.com\/pl\/product\/992\/","title":{"rendered":"obraz 25x30 cm"},"content":{"rendered":"<p>Seria obraz\u00f3w - po drodze, o zmroku.<\/p>\n<p>Obrazy z tej serii kojarz\u0105 mi si\u0119 z jazd\u0105 poci\u0105giem, gdy o zmroku przypominasz sobie, \u017ce chcia\u0142a\u015b patrze\u0107 za okno, a mo\u017ce robi\u0107 zdj\u0119cia. Teraz ju\u017c troch\u0119 za p\u00f3\u017ano, za ciemno, wi\u0119c patrzysz ile mo\u017cesz. <\/p>\n<p>A mo\u017ce to jezioro? Podchodzisz wieczorem, woda jasna od ksi\u0119\u017cyca, a wok\u00f3\u0142 rama z drzew? Wszystko pachnie wod\u0105, li\u015b\u0107mi, ziemi\u0105. Jak my\u015blisz? Najwa\u017cniejsze, z czym Tobie si\u0119 ten obraz kojarzy, gdzie Ciebie przenosi.<\/p>\n<p>Chyba dlatego nie nadaj\u0119 im tytu\u0142\u00f3w - nie chc\u0119 Ci\u0119 \"zaklucza\u0107\" wy\u0142\u0105cznie w moich skojarzeniach.<\/p>\n<p>TEN OBRAZ:<\/p>\n<p>Zacz\u0119\u0142am malowa\u0107 ten obraz we wrze\u015bniu 2024 i wr\u00f3ci\u0142am do niego w styczniu 2025. <\/p>\n<p>To obraz z technice mieszanej (farby akrylowe i kredki) na p\u0142\u00f3tnie o wymiarach 25x30 cm.<\/p>\n<p>Je\u015bli masz jakie\u015b jeszcze pytania - napisz do mnie prosz\u0119; m\u00f3j e-mail to a.ciernioch@gmail.com.<\/p>\n<p>Je\u015bli potrzebujesz faktury - podaj prosz\u0119 potrzebne dane w notatce w koszyku.<\/p>","protected":false},"excerpt":{"rendered":"<p>Obraz w technice mieszanej (akryl + kredki) o wymiarach 25x30 cm.<\/p>","protected":false},"featured_media":993,"template":"","meta":[],"product_brand":[],"product_cat":[126],"product_tag":[],"class_list":{"0":"post-992","1":"product","2":"type-product","3":"status-publish","4":"has-post-thumbnail","6":"product_cat-painting","8":"first","9":"instock","10":"shipping-taxable","11":"purchasable","12":"product-type-simple"},"_links":{"self":[{"href":"https:\/\/olaciernioch.com\/pl\/wp-json\/wp\/v2\/product\/992","targetHints":{"allow":["GET"]}}],"collection":[{"href":"https:\/\/olaciernioch.com\/pl\/wp-json\/wp\/v2\/product"}],"about":[{"href":"https:\/\/olaciernioch.com\/pl\/wp-json\/wp\/v2\/types\/product"}],"wp:featuredmedia":[{"embeddable":true,"href":"https:\/\/olaciernioch.com\/pl\/wp-json\/wp\/v2\/media\/993"}],"wp:attachment":[{"href":"https:\/\/olaciernioch.com\/pl\/wp-json\/wp\/v2\/media?parent=992"}],"wp:term":[{"taxonomy":"product_brand","embeddable":true,"href":"https:\/\/olaciernioch.com\/pl\/wp-json\/wp\/v2\/product_brand?post=992"},{"taxonomy":"product_cat","embeddable":true,"href":"https:\/\/olaciernioch.com\/pl\/wp-json\/wp\/v2\/product_cat?post=992"},{"taxonomy":"product_tag","embeddable":true,"href":"https:\/\/olaciernioch.com\/pl\/wp-json\/wp\/v2\/product_tag?post=992"}],"curies":[{"name":"wp","href":"https:\/\/api.w.org\/{rel}","templated":true}]}}

<p>Seria obrazów - po drodze, o zmroku.</p>
<p>Obrazy z tej serii kojarzą mi się z jazdą pociągiem, gdy o zmroku przypominasz sobie, że chciałaś patrzeć za okno, a może robić zdjęcia. Teraz już trochę za późno, za ciemno, więc patrzysz ile możesz. </p>
<p>A może to jezioro? Podchodzisz wieczorem, woda jasna od księżyca, a wokół rama z drzew? Wszystko pachnie wodą, liśćmi, ziemią. Jak myślisz? Najważniejsze, z czym Tobie się ten obraz kojarzy, gdzie Ciebie przenosi.</p>
<p>Chyba dlatego nie nadaję im tytułów - nie chcę Cię "zakluczać" wyłącznie w moich skojarzeniach.</p>
<p>TEN OBRAZ:</p>
<p>Zaczęłam malować ten obraz we wrześniu 2024 i wróciłam do niego w styczniu 2025. </p>
<p>To obraz z technice mieszanej (farby akrylowe i kredki) na płótnie o wymiarach 25x30 cm.</p>
<p>Jeśli masz jakieś jeszcze pytania - napisz do mnie proszę; mój e-mail to a.ciernioch@gmail.com.</p>
<p>Jeśli potrzebujesz faktury - podaj proszę potrzebne dane w notatce w koszyku.</p>
