{"id":953,"date":"2025-09-26T17:01:21","date_gmt":"2025-09-26T15:01:21","guid":{"rendered":"https:\/\/olaciernioch.com\/?post_type=product&#038;p=953"},"modified":"2026-04-20T12:15:19","modified_gmt":"2026-04-20T10:15:19","slug":"953","status":"publish","type":"product","link":"https:\/\/olaciernioch.com\/pl\/product\/953\/","title":{"rendered":"obraz 20x20 cm, nr.1"},"content":{"rendered":"<p>Seria obraz\u00f3w - po drodze, o zmroku.<\/p>\n<p>Obrazy z tej serii kojarz\u0105 mi si\u0119 z jazd\u0105 poci\u0105giem, gdy o zmroku przypominasz sobie, \u017ce chcia\u0142a\u015b patrze\u0107 za okno, a mo\u017ce robi\u0107 zdj\u0119cia. Teraz ju\u017c troch\u0119 za p\u00f3\u017ano, za ciemno, wi\u0119c patrzysz ile mo\u017cesz. <\/p>\n<p>A mo\u017ce to jezioro? Podchodzisz wieczorem, woda jasna od ksi\u0119\u017cyca, a wok\u00f3\u0142 rama z drzew? Wszystko pachnie wod\u0105, li\u015b\u0107mi, ziemi\u0105. Jak my\u015blisz? Najwa\u017cniejsze, z czym Tobie si\u0119 ten obraz kojarzy, gdzie Ciebie przenosi.<\/p>\n<p>Chyba dlatego nie nadaj\u0119 im tytu\u0142\u00f3w - nie chc\u0119 Ci\u0119 \"zaklucza\u0107\" wy\u0142\u0105cznie w moich skojarzeniach.<\/p>\n<p>TEN OBRAZ:<\/p>\n<p>Zacz\u0119\u0142am malowa\u0107 ten obraz w lutym 2025, a potem do niego wr\u00f3ci\u0142am w maju. Pracowa\u0142am wtedy nad kilkoma obrazami na raz - to jeden z 4 drobnych obraz\u00f3w, kt\u00f3re pomog\u0142y mi zachowa\u0107 \"flow\" gdy czeka\u0142am, a\u017c wi\u0119kszy obraz wyschnie.<\/p>\n<p>To obraz akrylowy na p\u0142\u00f3tnie o wymiarach 20x20 cm.<\/p>\n<p>Je\u015bli masz jakie\u015b jeszcze pytania - napisz do mnie prosz\u0119; m\u00f3j e-mail to a.ciernioch@gmail.com.<\/p>\n<p>Je\u015bli potrzebujesz faktury - podaj prosz\u0119 potrzebne dane w notatce w koszyku.<\/p>","protected":false},"excerpt":{"rendered":"<p>Obraz w technice mieszanej (akryl + kredka) na p\u0142\u00f3tnie o wymiarach 20x20 cm.<\/p>","protected":false},"featured_media":954,"template":"","meta":[],"product_brand":[],"product_cat":[126],"product_tag":[],"class_list":{"0":"post-953","1":"product","2":"type-product","3":"status-publish","4":"has-post-thumbnail","6":"product_cat-painting","8":"first","9":"instock","10":"shipping-taxable","11":"purchasable","12":"product-type-simple"},"_links":{"self":[{"href":"https:\/\/olaciernioch.com\/pl\/wp-json\/wp\/v2\/product\/953","targetHints":{"allow":["GET"]}}],"collection":[{"href":"https:\/\/olaciernioch.com\/pl\/wp-json\/wp\/v2\/product"}],"about":[{"href":"https:\/\/olaciernioch.com\/pl\/wp-json\/wp\/v2\/types\/product"}],"wp:featuredmedia":[{"embeddable":true,"href":"https:\/\/olaciernioch.com\/pl\/wp-json\/wp\/v2\/media\/954"}],"wp:attachment":[{"href":"https:\/\/olaciernioch.com\/pl\/wp-json\/wp\/v2\/media?parent=953"}],"wp:term":[{"taxonomy":"product_brand","embeddable":true,"href":"https:\/\/olaciernioch.com\/pl\/wp-json\/wp\/v2\/product_brand?post=953"},{"taxonomy":"product_cat","embeddable":true,"href":"https:\/\/olaciernioch.com\/pl\/wp-json\/wp\/v2\/product_cat?post=953"},{"taxonomy":"product_tag","embeddable":true,"href":"https:\/\/olaciernioch.com\/pl\/wp-json\/wp\/v2\/product_tag?post=953"}],"curies":[{"name":"wp","href":"https:\/\/api.w.org\/{rel}","templated":true}]}}

<p>Seria obrazów - po drodze, o zmroku.</p>
<p>Obrazy z tej serii kojarzą mi się z jazdą pociągiem, gdy o zmroku przypominasz sobie, że chciałaś patrzeć za okno, a może robić zdjęcia. Teraz już trochę za późno, za ciemno, więc patrzysz ile możesz. </p>
<p>A może to jezioro? Podchodzisz wieczorem, woda jasna od księżyca, a wokół rama z drzew? Wszystko pachnie wodą, liśćmi, ziemią. Jak myślisz? Najważniejsze, z czym Tobie się ten obraz kojarzy, gdzie Ciebie przenosi.</p>
<p>Chyba dlatego nie nadaję im tytułów - nie chcę Cię "zakluczać" wyłącznie w moich skojarzeniach.</p>
<p>TEN OBRAZ:</p>
<p>Zaczęłam malować ten obraz w lutym 2025, a potem do niego wróciłam w maju. Pracowałam wtedy nad kilkoma obrazami na raz - to jeden z 4 drobnych obrazów, które pomogły mi zachować "flow" gdy czekałam, aż większy obraz wyschnie.</p>
<p>To obraz akrylowy na płótnie o wymiarach 20x20 cm.</p>
<p>Jeśli masz jakieś jeszcze pytania - napisz do mnie proszę; mój e-mail to a.ciernioch@gmail.com.</p>
<p>Jeśli potrzebujesz faktury - podaj proszę potrzebne dane w notatce w koszyku.</p>

<p>Obraz w technice mieszanej (akryl + kredka) na płótnie o wymiarach 20x20 cm.</p>
